 5*c - 6. Let u be o(-8). Let z = -692 - -818. Calculate the greatest common factor of u and z.
18
Suppose -14*l + 218 = -482. Suppose -i + l = 29. Calculate the greatest common factor of 105 and i.
21
Let z = 616 + -613. Suppose -4*h = -5*u - 140, -3*h + z*u - 6 = -111. What is the greatest common divisor of h and 875?
35
Let p be (259/(-5))/(-1) + 20/100. Suppose 57*s - p*s = 140. What is the greatest common factor of s and 308?
28
Let b be (-2 - -2 - -2) + 2 - 4. Suppose -5*l + 3*z = -81, 4*l + 0*z + z - 75 = b. Calculate the greatest common divisor of 2 and l.
2
Suppose -5*t - 4*h + 49128 = 0, -827*h + 8 = -823*h. What is the highest common divisor of 160 and t?
32
Suppose -5*j + 7 = -3. Suppose -44*m + 20 = -34*m. Suppose j*c + m*c - 500 = 0. Calculate the highest common divisor of 50 and c.
25
Suppose -2*f + 1185 = -5*z + 3713, -3*f - 4*z = 3792. Let l = -472 - f. Calculate the highest common factor of l and 72.
72
Let n be 69*(-6)/(-27) + 1/(-3). Suppose 4*b + 89 = 249. What is the highest common divisor of n and b?
5
Let s(f) = 12*f**3 + 5*f**2 - 2*f - 1. Let i be s(3). Let z = 544 + -776. Let y = z + i. Calculate the greatest common factor of y and 26.
26
Suppose -h + 4*i + 888 = 0, -3*h - 54*i + 2686 = -55*i. Calculate the highest common divisor of h and 80.
16
Suppose -o + 24 = 3*q, -4*o - 3*q + 1559 = 1463. Let w = 179 + 85. Calculate the greatest common factor of w and o.
24
Let y(d) = d**3 + 16*d**2 + 26*d - 20. Let k be y(-14). Let h = k + 41. Let s = 77 - h. Calculate the greatest common divisor of 28 and s.
28
Let g = -1705 + 5599. Calculate the highest common divisor of g and 118.
118
Let y be (0 - 2/(-6))*147. Let l be 2941/173 + 8 + 3. What is the greatest common divisor of l and y?
7
Suppose 572 = -4*a + 844. What is the highest common divisor of 561 and a?
17
Suppose 52*q - 4469 - 956 = 2063. What is the highest common divisor of q and 20?
4
Let o = 471 + -417. What is the highest common divisor of o and 144?
18
Suppose -1009*n + 1042*n - 1155 = 0. What is the greatest common factor of 95 and n?
5
Suppose 5*z = u + 2*z - 606, -2*z - 600 = -u. Calculate the highest common factor of 343 and u.
49
Let c = -25392 - -25509. What is the highest common divisor of c and 16029?
117
Suppose 5 = -m - 4*m, 2*m + 62 = 2*q. Suppose 4*j = -0*f - f + 11, -f + 5*j = -20. Calculate the greatest common divisor of f and q.
15
Let u(m) = m**2 + 17*m + 18. Let v be u(-16). Suppose v*z - 7 = -1. Suppose z*b - b - 10 = 0, -5*t - 5*b = -110. What is the highest common factor of 51 and t?
17
Suppose -33*h + 3*n = -32*h - 162, 329 = 2*h - n. Let v(d) = d**2 + d - 5. Let t be v(4). Calculate the highest common divisor of t and h.
15
Let n(p) = -p**2 - 27*p - 175. Let h be n(-11). What is the highest common divisor of h and 243?
1
Suppose 2*q - 120 = 3*g, 0 = -3*g + 7*g + 16. Let w = 8 - -19. Calculate the highest common divisor of q and w.
27
Suppose 23*j = 20*j + 36. Let m be 495/j + (-6)/(-8). What is the greatest common divisor of 105 and m?
21
Suppose -35 = -7*o + 2*o. Suppose -27 - o = k - 4*c, 3*c + 147 = -5*k. Let p be (-258)/k + (-3)/5. What is the highest common divisor of p and 24?
8
Suppose 0*i - 47*i - 141 = 0. Let f be (-9)/(-21) - ((-38286)/(-63))/i. What is the highest common factor of f and 14?
7
Let y be (-744)/(-40) - 3/5. Let s be (-632)/(-15) + 44/(-330). Suppose -5*g + s = -3*o, 4*o + 23 = 2*g + g. What is the greatest common divisor of g and y?
9
Let l(h) = 10*h**2 + 0 + h - 1 + 6 + 2*h. Let i be l(-5). Let a be ((-352)/55)/((-24)/(-15) + -2). What is the greatest common factor of i and a?
16
Suppose -47*o + 48*o = 15. Suppose -10*b - 30 = -o*b. Calculate the greatest common divisor of 12 and b.
6
Suppose -3*m = 4*a - 18771 - 21014, a + 2*m = 9940. Calculate the greatest common divisor of 25 and a.
25
Let u = 38 + -26. Suppose -u = 4*m - 3*y, 3 = 5*m + 5*y + 53. Let q be 63 - (3 + m - -6). Calculate the greatest common divisor of q and 15.
15
Let m = 10 - -4. Let f = m + 6. Suppose 5*v = -5*k + 225, -v = -0*k - 5*k - 15. Calculate the greatest common factor of v and f.
20
Suppose h + 3*h - 902 = 3*j, -890 = -4*h + j. What is the highest common factor of 17 and h?
17
Suppose 169 = 8*k - 71. What is the highest common factor of k and 2130?
30
Let f = 5 + -42. Suppose 5*o - 10 = 0, 5*o = 5*w - 216 - 19. Let u = f + w. What is the highest common divisor of u and 12?
12
Suppose 116*q - 15*q + 24229 - 94525 = 0. Calculate the highest common divisor of q and 888.
24
Let s be 28302/356 - (0 + 2/(-4)). Let p = -91 - -37. Let v = -22 - p. Calculate the greatest common factor of v and s.
16
Suppose 290*x - 241*x - 964908 = 0. Calculate the highest common divisor of x and 36.
36
Let j be (-2)/(-10 - (-203)/21) - -9. What is the highest common divisor of 5505 and j?
15
Let l(v) = -2918*v - 216. Let g be l(-1). What is the highest common divisor of 14 and g?
14
Let c = 4096 - 3222. What is the greatest common factor of c and 184?
46
Let s be 136 + (0 - 1 - 0). Let p = 993 + -860. Let z = s - p. Calculate the highest common divisor of 5 and z.
1
Let s = -1351 - -7763. What is the greatest common factor of s and 28?
28
Let m be (-2)/(-5) - 1/5*(-18 + -1525). What is the greatest common factor of m and 2?
1
Suppose 14*c - 1800 = -6*c. Suppose -5*m + 150 = -5*h, 5*m + 19*h = 23*h + 147. Calculate the highest common factor of c and m.
9
Let n = -10499 + 12259. Calculate the highest common factor of 55 and n.
55
Let k be (21/12)/(-7) + (-420)/(-16). Suppose k*t - 200 = 22*t. What is the greatest common divisor of 175 and t?
25
Suppose 4*j - 45 = -5. Let n(l) = -2*l**2 + 24*l + 1. Let f be n(11). Suppose 4*v - f = 57. Calculate the highest common factor of v and j.
10
Let b be ((-42)/10)/(11/(-220)). Let y be ((-3)/(-6))/(7/b). Calculate the highest common divisor of y and 66.
6
Let w = 33 + -20. Suppose w*z - 1315 = 713. Suppose z = 7*l + 16. What is the highest common divisor of l and 160?
20
Let u(s) = 112*s - 6510. Let x be u(64). What is the greatest common divisor of x and 1363?
47
Let x(p) = -2*p**3 - 5*p**2 - 37*p - 15. Let d be x(-5). What is the greatest common divisor of d and 30?
5
Let r be 2 - 48/21 - 6346/133. Let i = r - -165. Calculate the greatest common divisor of 13 and i.
13
Let k = -18118 - -21008. Calculate the greatest common factor of k and 510.
170
Let y be 130/35*(-1 + 2)*(-6 - -13). Let r be (-8187)/(-9) + 2/6. Suppose r = 4*l + l. What is the greatest common factor of y and l?
26
Let o = -2357 + 3370. Suppose -o - 208 = -37*a. What is the greatest common factor of 264 and a?
33
Let j = -17553 + 20786. Calculate the highest common divisor of 212 and j.
53
Let b be -2 + (-4)/((-16)/(-12)) + 18. Suppose 0 = -b*h + 16*h - 192. Suppose -48*o + h = -47*o. What is the highest common divisor of 32 and o?
32
Suppose m - 5 = 0, 5*m - 19 = s + m. Let g = -69418 + 69445. Calculate the highest common divisor of g and s.
1
Let q = 331 - 180. Let g = -141 + q. Calculate the highest common divisor of g and 125.
5
Suppose -7*k + 11 = 11. Suppose k = -2*n + 5*n - 15, -4*m - 2*n + 22 = 0. Let j be 1978/12 - ((-85)/(-30) - m). What is the greatest common factor of j and 33?
33
Let k(q) = -q**3 + q**2 - q + 12. Let p be k(0). Suppose 79*h + u = 84*h - 21, -h + u + 9 = 0. What is the highest common factor of h and p?
3
Let v be (198 + 2)*33/66. Let s be (-3 - -4)*2 + 23. Calculate the greatest common factor of v and s.
25
Let g be (7257/(-2))/((-141)/94). What is the highest common factor of g and 177?
59
Suppose -5*h = -2 - 8. Suppose -h*t = -5 - 1. Suppose -3*x + f + 41 = 0, x - 4*f + 5 = f. What is the highest common divisor of t and x?
3
Suppose -355*h = -237*h - 85550. Calculate the highest common factor of h and 70.
5
Let u be (8426/154)/((-2)/(-14)). What is the highest common divisor of u and 1?
1
Let c = 57 + -51. Suppose 0*b + 2*b + c = -r, -r = 4*b + 10. Let d be (b/4*2)/(2/(-22)). What is the greatest common factor of d and 77?
11
Let k = 4373 + -3668. What is the greatest common divisor of 15 and k?
15
Suppose -2*b = s - 262, -58*b + 1953 = 7*s - 61*b. What is the greatest common divisor of 782 and s?
46
Let x be -21*15/(-210)*3/((-18)/(-476)). What is the highest common factor of x and 272?
17
Suppose r + 5048 = 3*w, 5*w + 